r of 22947790 and 9775.
1955
Calculate the highest common divisor of 147081520 and 160.
80
What is the greatest common factor of 9230110 and 780625?
6245
What is the highest common divisor of 107655520 and 399?
133
Calculate the greatest common factor of 24 and 658931992.
8
Calculate the highest common divisor of 6670 and 83950.
230
What is the highest common factor of 5502 and 61709646?
786
What is the greatest common factor of 10584 and 66015936?
3528
What is the greatest common factor of 32977986 and 186?
186
What is the greatest common divisor of 17505103 and 1474?
11
What is the greatest common divisor of 366985268 and 13?
13
What is the highest common divisor of 5298 and 196245867?
2649
What is the greatest common factor of 4178 and 16?
2
Calculate the highest common divisor of 90930 and 84420.
210
Calculate the highest common factor of 1557379 and 5489.
499
What is the greatest common divisor of 50099 and 26430801?
7157
What is the greatest common factor of 177615134 and 19506?
6502
What is the highest common divisor of 8958 and 9505931?
1493
Calculate the highest common factor of 145 and 5921916.
29
Calculate the highest common factor of 1251693 and 9452.
17
Calculate the greatest common divisor of 1171000 and 1915756.
4684
Calculate the highest common divisor of 93110146 and 11742.
3914
Calculate the greatest common factor of 46545537 and 1886.
943
Calculate the highest common factor of 4130120 and 15010.
790
Calculate the greatest common divisor of 57 and 5102.
1
Calculate the greatest common divisor of 30290 and 2260076.
26
Calculate the greatest common divisor of 6433582 and 3383.
17
Calculate the highest common factor of 5610498 and 31131.
3459
Calculate the greatest common divisor of 62762 and 119882.
14
What is the greatest common divisor of 73729823 and 19?
19
Calculate the highest common divisor of 633480 and 1080.
120
What is the highest common factor of 133318643 and 226?
113
What is the greatest common divisor of 724739 and 382771?
1943
Calculate the highest common factor of 4052369 and 15811.
97
What is the highest common factor of 3345 and 2312?
1
What is the greatest common factor of 10674 and 150579304?
1186
Calculate the highest common divisor of 64962 and 1100344.
802
Calculate the greatest common divisor of 302459540 and 163.
163
What is the greatest common divisor of 498 and 2394450?
6
Calculate the greatest common factor of 186660 and 12109950.
1530
Calculate the highest common divisor of 318 and 2190384.
318
Calculate the greatest common factor of 1088539 and 103521.
3137
Calculate the highest common divisor of 162740498 and 334.
334
What is the highest common divisor of 151002452 and 14424?
2404
What is the highest common divisor of 6694 and 1445104067?
3347
Calculate the highest common factor of 216 and 6761124.
108
Calculate the highest common factor of 7512 and 128781972.
3756
Calculate the highest common factor of 2243 and 60740440.
2243
What is the highest common factor of 2736 and 10505632?
304
Calculate the greatest common factor of 282040 and 152240.
440
What is the greatest common factor of 9180780 and 150?
30
What is the highest common divisor of 19361 and 338257?
19
Calculate the greatest common divisor of 2635 and 220545811.
527
Calculate the greatest common factor of 56372 and 16904968.
3316
Calculate the greatest common factor of 20329 and 439321.
29
Calculate the highest common divisor of 923 and 1251233.
71
Calculate the highest common divisor of 5310 and 146430.
90
Calculate the greatest common divisor of 8904 and 10410792.
168
What is the greatest common divisor of 96990 and 37365?
795
What is the greatest common divisor of 15438 and 2192382?
186
What is the highest common divisor of 619188 and 6684?
12
What is the highest common divisor of 12048 and 280570812?
3012
What is the greatest common factor of 93182196 and 3636?
1212
Calculate the greatest common divisor of 451532 and 135172.
2876
Calculate the highest common factor of 923 and 2467676.
71
Calculate the greatest common factor of 9470445 and 1785.
255
What is the highest common divisor of 6221656 and 138300?
1844
What is the greatest common factor of 7048 and 1481842?
1762
What is the highest common divisor of 288774 and 6244146?
4734
Calculate the greatest common factor of 34484 and 45029.
37
Calculate the greatest common divisor of 16281188 and 3388.
308
Calculate the greatest common factor of 1861 and 5783051917.
1861
Calculate the greatest common divisor of 195 and 95151420.
195
Calculate the greatest common factor of 12748 and 107432.
4
What is the highest common divisor of 23023 and 1815?
11
Calculate the highest common factor of 6069731 and 4958.
67
What is the highest common factor of 52654335 and 45?
15
Calculate the greatest common divisor of 5054701 and 1655.
331
Calculate the highest common divisor of 31 and 41906451.
31
What is the highest common divisor of 19656 and 17056?
104
Calculate the greatest common factor of 47234 and 88818.
226
What is the greatest common divisor of 53479480 and 2320?
1160
What is the highest common divisor of 35411716 and 1048207?
12629
What is the greatest common divisor of 18827847 and 9?
9
Calculate the highest common factor of 9515402 and 6136.
1534
Calculate the highest common factor of 17 and 3267961.
17
What is the greatest common divisor of 1206 and 6746904?
18
Calculate the highest common factor of 1037 and 208748100.
1037
What is the highest common divisor of 180224 and 33968?
176
What is the greatest common divisor of 39174084 and 756?
108
Calculate the greatest common divisor of 1700048036 and 92.
92
What is the highest common divisor of 340 and 13767671?
17
Calculate the greatest common factor of 715 and 2148289.
143
What is the highest common divisor of 2852 and 29551711?
713
What is the greatest common factor of 73986 and 23573?
11
What is the greatest common factor of 542059 and 16247?
1477
What is the greatest common factor of 15159256 and 56?
56
What is the highest common factor of 232064 and 813568?
896
What is the greatest common factor of 117481 and 2344615?
91
Calculate the greatest common factor of 3445 and 4402021.
689
What is the highest common divisor of 138672 and 478224?
1296
Calculate the highest common divisor of 1059 and 174075596.
353
Calculate the greatest common factor of 27088843 and 71.
71
What is the greatest common factor of 336 and 2353584?
48
Calculate the greatest common factor of 40050 and 29049066.
1602
What is the highest common divisor of 10 and 9368210?
10
What is the greatest common divisor of 422677 and 1181977?
2531
What is the highest common factor of 139751 and 24853?
29
Calculate the greatest common factor of 2372044 and 4828.
68
What is the greatest common factor of 5997157 and 213?
71
Calculate the highest common factor of 16 and 26694112.
16
Calculate the highest common divisor of 24034 and 23330316.
394
What is the greatest common factor of 481250 and 66550?
550
What is the greatest common divisor of 8712 and 2340261?
1089
What is the greatest common divisor of 1540 and 1975424?
44
What is the highest common factor of 1678 and 28256681?
839
What is the highest common factor of 57980 and 523198?
26
Calculate the greatest common factor of 24391697 and 319.
319
Calculate the highest common divisor of 384 and 11512.
8
Calculate the highest common factor of 1904064 and 38824.
1688
Calculate the greatest common divisor of 13446 and 263574.
162
Calculate the greatest common divisor of 15039 and 24408.
27
What is the greatest common factor of 743374 and 88871?
491
What is the greatest common divisor of 37766817 and 243?
243
What is the greatest common factor of 270 and 723090?
30
Calculate the greatest common divisor of 10133052 and 36.
12
Calculate the greatest common divisor of 422235872 and 372.
124
Calculate the highest common divisor of 3287100 and 600.
300
Calculate the highest common divisor of 11820 and 20480.
20
Calculate the highest common factor of 198823016 and 56.
56
Calculate the highest common factor of 384657 and 177387.
21
What is the greatest common factor of 29500195 and 635?
635
What is the greatest common factor of 13376 and 23194820?
836
Calculate the highest common divisor of 927 and 503901.
9
What is the highest common di